 units digit of h?
9
Suppose -5 - 5 = -2*p. Suppose -5*g + 4*g - 4*l + 17 = 0, 0 = 3*g - p*l. Suppose -2*k - 4*t = -30, -t + 10 = -4*k + g*k. What is the units digit of k?
5
Suppose -32 = -4*a + 2*f, -5*a + 0*f - 4*f + 14 = 0. Suppose -c = -a*c + 320. Suppose u - c = -3*u. What is the units digit of u?
6
Let u = 7 + -6. Suppose -h - 4 = -15. Let p = h + u. What is the units digit of p?
2
Suppose -4*h - 1 = -9. Suppose 0 = -2*n - 5*u + 60, -2*u - h = -u. What is the tens digit of n?
3
Suppose -c + 6*c - 55 = 0. Suppose 41 = 5*o + c. What is the units digit of o?
6
Suppose -4*b - 3*w + 1604 = -w, -4 = -w. What is the tens digit of b?
9
Let z(s) be the first derivative of s**2 + 3. What is the tens digit of z(6)?
1
Let t be (-2)/(-4)*4 + 6. Suppose 6*s - t = 2*s + 2*q, 4 = 2*s + q. What is the units digit of s?
2
Let k(l) = l - 3*l - 5 + 7*l + 0*l. Let f be k(4). Let j = 0 + f. What is the units digit of j?
5
What is the units digit of (0 - (-152)/6)*(-72)/(-48)?
8
Suppose -3*k - t = -14, 2*k - 7*k + 10 = -5*t. Suppose -2 - 2 = -k*c. What is the units digit of c?
1
Let p = -10 - -12. Suppose -18 - p = -2*y. What is the tens digit of y?
1
Let a(r) be the second derivative of -r**4/12 - 2*r**3/3 + 3*r**2/2 + 6*r. Let k = 2 - 6. What is the units digit of a(k)?
3
Let q(z) = z**3 - 5*z**2 - 7*z + 6. Let m be q(6). Let f be 12/4 - (0 - m). What is the units digit of (12/(-14))/(f/(-21))?
6
Suppose -2*l - 5 = f, -5*l = f + 8 - 3. Suppose 0 = -2*s - l*s - 8, 0 = -h - 4*s - 8. Let g = 4 + h. What is the units digit of g?
2
Let a(t) = -49*t**3 + t**2. What is the tens digit of a(-1)?
5
Let v = 439 + -285. What is the units digit of v?
4
Let c = -21 + 41. Suppose -72 + c = -4*x. What is the tens digit of x?
1
Let j(y) = 70*y - 4. What is the units digit of j(1)?
6
Let l = 2 - -3. Suppose -l = -3*u + v, -4*u + 2*v = -8*u. What is the units digit of u?
1
Suppose -3*n - 9 = -4*a, -a + 3*n = 5 + 4. Let p(r) = r + 3. What is the units digit of p(a)?
9
Let s(z) = z**2 - 8*z + 8. Suppose -2*q = -0 - 12. Let l be s(q). Let x = l + 6. What is the units digit of x?
2
Suppose 21 = v - o, -4*v + 3*o + 129 = 50. Suppose 56 = 4*r + 3*b, -4*r - v + 52 = -2*b. What is the tens digit of r?
1
What is the tens digit of (-4)/(-14) - (-1188)/7?
7
Let u(y) = y**2 - y - 9. What is the units digit of u(-5)?
1
Suppose -23 = -4*d + 2*c - 5, d + 3*c + 6 = 0. What is the units digit of d?
3
Let g(c) be the third derivative of c**2 + 0 + 1/120*c**6 + 0*c + 0*c**3 + 1/12*c**4 + 1/60*c**5. What is the units digit of g(2)?
6
Let n = -55 + 6. Let x = n - -74. Suppose 0 = 3*o - 8*o + x. What is the units digit of o?
5
Let q(w) = 2*w. Let x be q(4). Let d = -5 + x. Suppose 0 = t + 3*t - y - 19, 5*y - 43 = -d*t. What is the units digit of t?
6
Let m(t) = -t**3 + 8*t**2 + 6*t + 6. Let l be m(9). Let s = 30 + l. What is the units digit of s?
9
Let y = -13 - -19. Suppose 0 = 3*c + y, -2*v + 2*c = -c + 14. Let x = v + 18. What is the units digit of x?
8
Let w be (-2)/6 - (-5)/(-3). Let i be (4/6)/(w/6). Let j(a) = -a + 1. What is the units digit of j(i)?
3
Suppose q - 43 = -2*h - 2*h, -5*q - 5*h + 140 = 0. Let x = q + -45. Let u = x + 35. What is the tens digit of u?
1
Let d(a) = -a - 7. Let u(l) = 1. Let b(r) = d(r) + 6*u(r). Let q be b(5). Let z = q - -13. What is the units digit of z?
7
Let a(r) = r**3 + 3*r**2 - 3*r + 4. Let l be a(-4). Suppose 3*c = -l*c + 135. What is the units digit of c?
5
Let i(s) = 26*s**2 - 1. Let y be i(1). Suppose -5*q = -0*q - y. What is the units digit of q?
5
Let r be 1*2*(-540)/24. Let z = -13 - r. What is the units digit of z?
2
Let z = -14 - -8. Let v = -5 - z. What is the units digit of v?
1
Let t = 94 - 41. What is the tens digit of t?
5
Suppose 0 = -0*c + 5*c - 25. What is the units digit of c?
5
Suppose -17 - 7 = -4*h. Let l(c) = c - 5. What is the units digit of l(h)?
1
Suppose 2*j = 4*y + 24, 0 = -j - 3*j + y + 13. Let p be (j/(-4))/(5/50). Let g = 6 + p. What is the units digit of g?
1
Let k be 4/(-8) - 7/(-2). Let b = -10 - -9. Let n = b + k. What is the units digit of n?
2
What is the hundreds digit of 20/(1 - -4) - -140?
1
Let x = 0 - 4. What is the tens digit of (29/2)/((-2)/x)?
2
Let q = -35 + 62. What is the tens digit of q?
2
Let t(i) = -i. Let f be t(0). Suppose -h - 1 = 0, f*l = -3*l - 4*h + 5. What is the units digit of 9 + (2 - l) + 2?
0
Suppose 2*u - 3 = 11. Let c(n) = n**2 - 7*n + 3. Let s be c(u). Suppose -s*x = -5*x + 18. What is the units digit of x?
9
Let n be (-6)/4*34/(-3). Let s = 32 - n. What is the units digit of s?
5
Suppose 3*h + 2*b = -2*b + 173, -5*h = 5*b - 285. What is the units digit of h?
5
Let q(o) = 2*o**3 - 3*o**2 - 3*o - 2. Let a = 28 + -19. Let w = a - 6. What is the units digit of q(w)?
6
Let a = -49 + 71. Let y = a - 11. What is the units digit of y?
1
Let y = -5 + 8. Suppose 0 = -y*o + 8 - 2. Suppose o*n - 18 = -2. What is the units digit of n?
8
Suppose 0*y - 4*y = -5*o, 0 = 4*y + o. Let m(w) be the third derivative of w**5/60 - w**4/24 + 5*w**3/6 - w**2. What is the units digit of m(y)?
5
Let t be -1 + 1 - (-480)/5. Suppose -2*y = 2*y + 4*l - t, -y = 5*l - 24. Suppose -s + 5*g + 43 = 0, -y = -2*s - 4*g - 8. What is the units digit of s?
8
Let h(n) = -n**3 - 6*n**2 + 13. Let k be h(-6). Let x be 4/(-14) - 60/(-14). Let f = k - x. What is the units digit of f?
9
Suppose -2 - 4 = -h. Suppose 2*j + 4*a = h, 3*j - 2*a - 19 = -2. What is the units digit of j?
5
Let v(n) = -n**3 + 2*n**2 - n + 209. What is the tens digit of v(0)?
0
Let v(k) = -4*k - 4. Let c(m) = 5*m + 3. Let n(i) = 5*c(i) + 6*v(i). Let o be n(7). What is the units digit of (3 + o)/(0 + 1)?
1
Let g(d) = -d**3 + 4*d**2 - 4*d. Let h be g(3). Suppose 0*n - n = 9. Let o = h - n. What is the units digit of o?
6
Suppose 0 = -2*t + 2*n - 4, -20 = -4*n - 0. Suppose 5*q = t*w + 49, -7*q = -3*q + 5*w - 54. What is the tens digit of q?
1
Let b(z) = z**2 - 6*z + 2. Let f be b(5). Let u = f + 18. What is the tens digit of u?
1
Let l be ((-9)/18)/((-2)/4). Suppose x = 4*s + 33, 8*x - 21 = 4*s + 3*x. Let j = l - s. What is the tens digit of j?
1
What is the hundreds digit of 40/(-3)*(-15)/5*5?
2
Suppose 5*r - 424 = 316. Suppose a = 5*a - r. What is the units digit of a?
7
Let f(h) = -h**2 + 10. Let o be f(0). Suppose o = 3*t - 2*t. What is the units digit of (-15)/(-2)*8/t?
6
Let w = -1846 + 3177. What is the units digit of (-8)/(-10) + w/55?
5
Let r(m) = -95*m. Let a be r(-1). Let s = a - 53. What is the units digit of s?
2
Let c(x) = x**3 - 3*x**2 + 3*x + 6. What is the tens digit of c(5)?
7
Suppose 10*z = -14 - 6. Let n(s) = -s**3 - 4*s**2 + s - 1. Let x(v) = 2*v**3 + 8*v**2 - 2*v + 2. Let f(m) = -7*n(m) - 3*x(m). What is the tens digit of f(z)?
1
Suppose 82 = 3*i - 32. Let j = i - 9. What is the units digit of j?
9
What is the tens digit of 3*(-3)/9 - -65?
6
Suppose 0 = 5*n - 14 - 1. What is the units digit of n?
3
Suppose -2*h + 703 = 89. What is the hundreds digit of h?
3
Let c = 15 - 8. Suppose -4*h - 8 - 4 = 0. Let x = c - h. What is the units digit of x?
0
Let q(a) = a**2 + 2*a + 12. What is the tens digit of q(-9)?
7
Suppose 3*n + 88 = 2*w - 8, -26 = -w - 4*n. What is the units digit of w?
2
What is the tens digit of (-5 + -17)*6/(-4)?
3
Suppose 16*t - 19*t - 279 = 0. Let w = 135 + t. What is the tens digit of w?
4
Let z = -37 + 307. What is the hundreds digit of z?
2
Suppose 8*c + 2*i = 3*c + 1005, -2*c - 3*i = -402. What is the hundreds digit of c?
2
Suppose -5*t = -2*p - 64, -2 = 2*p + 2. Let j = -5 + t. What is the units digit of j?
7
Suppose -42 + 17 = -5*l + c, 4*l = -c + 11. Suppose 3*h = 7*h - l. What is the units digit of h?
1
Suppose 63 = 2*b - 3*u, 3*u = -4*b - 20 + 101. What is the units digit of b?
4
Let g = -8 + 4. Let i(x) = x**3 + 5*x**2 + 2*x + 3. What is the tens digit of i(g)?
1
Let y(t) = 2*t - 8. Let x be y(6). Suppose 7 - 31 = x*c. What is the units digit of ((-14)/c + 1)*3?
0
Let d(n) = 2*n - 11. Let h be d(11). Suppose o - h = 18. What is the tens digit of o?
2
Let z be (-4 + 0)/(-1 - 1). Let w = 11 - z. What is the units digit of w?
9
Suppose 1 = -3*w - 8, 0 = -5*d - 2*w + 219. What is the tens digit of d?
4
Suppose -20 = -g - 3*g. Suppose 0 = 10*l - g*l - 10. Suppose 15 = l*s - 11. What is the tens digit of s?
1
Suppose y + 5 - 